osite?
False
Let l(n) = 39*n**3 - 6*n**2 + 2*n + 51. Let x(a) = 19*a**3 - 3*a**2 + a + 25. Let i(u) = -6*l(u) + 13*x(u). Is i(5) composite?
True
Suppose -5*b = 4*l - 117752, 207*b - 206*b = 4*l - 117728. Is l a prime number?
False
Let u be (-2)/(-4)*(-1052 + (-4 - 2)). Let i = 4062 - u. Is i prime?
True
Suppose k = f + 65, -10 + 206 = -3*f + 4*k. Suppose 0 = i - 151 - 74. Let m = i + f. Is m a prime number?
False
Let t(q) = -q**3 + 4*q**2 - 3*q + 4. Let g be t(3). Suppose 5*z + 0*s + g*s + 8 = 0, 2*z = s + 2. Suppose z = 28*c - 27*c - 2041. Is c composite?
True
Is 13/(39/22232) - (-17)/51 composite?
False
Let k = -293 - -298. Suppose -5*c - 420 = -k*f, 12 + 330 = 4*f - c. Is f a prime number?
False
Let m = 832 - -199. Let i = -5787 + 9449. Suppose i = 3*o + m. Is o a prime number?
True
Let i(j) = -j. Let s(o) = -62*o - 5. Let t(x) = 6*i(x) + s(x). Is t(-5) prime?
False
Suppose -27*n = -424162 - 167 - 134760. Is n prime?
True
Let s be (5 + -3 - 8)*(-2)/4. Suppose 5*f - 3395 = -5*p, -s*p = -f + 762 - 2807. Is p composite?
True
Suppose 4*d + 396 = v, 2*d + 1980 = 5*v + 7*d. Let y = 1783 + v. Is y composite?
False
Let x(q) be the second derivative of q**3/6 + q**2 + 7*q. Let b be x(3). Suppose -3*l = -b*j + 1327, l = 3*j - 646 - 147. Is j a prime number?
True
Let o(u) be the second derivative of 35*u**4/12 + 5*u**3/6 - u**2 + 88*u. Is o(5) prime?
False
Let c(y) = -y**3 + 4*y**2 + 5*y - 4. Let r be c(5). Let p be r + 1 + 1134/(-1). Is (-11)/33*(p + 0) a composite number?
False
Suppose m + 198 = -86. Let x = -1412 + 1243. Let d = x - m. Is d a prime number?
False
Let k = -797 - -3498. Suppose 1446 = 11*v - k. Is v a prime number?
False
Let q = 104974 - 62975. Is q composite?
False
Let l = -61 + 81. Suppose -2*h - 3*h = l. Is (-21 - -20)*(-2329 - h/2) a composite number?
True
Let q(a) = -2*a**2 + 42*a + 25. Let r be q(20). Let v = -11 + r. Let d = 301 - v. Is d prime?
False
Let i = 215 + -211. Suppose -37 = i*z - 2889. Is z prime?
False
Let x(n) be the second derivative of 2*n**6/45 + n**5/24 + 5*n**4/8 + 11*n**3/3 + 25*n. Let z(m) be the second derivative of x(m). Is z(-4) composite?
False
Let y be (4/7)/(-6*6/(-126)). Suppose -t - 3*d = y*d - 4649, -3*t = 3*d - 14007. Suppose -5*c - 29 = -t. Is c composite?
False
Suppose -5*t + 5*j - 3*j + 99143 = 0, -39655 = -2*t + 3*j. Is t a prime number?
False
Suppose -245*u + 263*u = 301914. Is u a composite number?
True
Is 0 + (-89394)/(-6) - 18/3 prime?
False
Let g = 167 + 1270. Let b = -880 + g. Is b a prime number?
True
Suppose 57*r - 1313761 = -56968. Is r a composite number?
True
Suppose 0 = 5*a - 10*a + 1465. Let d = -446 + 750. Suppose a = 3*o - d. Is o composite?
False
Let t = -1 + 37. Let i be t/(-54)*3*-1. Suppose 0*m + m - 1053 = -2*o, -i*o = 8. Is m a composite number?
False
Is (-28)/15 - -2 - 41233040/(-5700) composite?
True
Let k = -16538 - -115341. Is k a prime number?
False
Suppose 7*o = 2*o - 25. Let c(s) = -7*s**2 - 1. Let p be c(o). Let t = p - -247. Is t prime?
True
Let q(a) = a**3 - a**2 + 2910. Let r be q(0). Let c be (-8 + 17 - -2909) + (-8)/2. Suppose 0 = -5*o + 2*p - 7*p + r, p = -5*o + c. Is o composite?
True
Let v be -1 + (0 - 5364/3). Suppose 9*p - 24091 = 713. Let q = v + p. Is q a prime number?
True
Suppose 4*p + 5*b = 40, p + 3 = -b + 12. Suppose 0 = p*k - 25 + 45. Let x(s) = -460*s - 33. Is x(k) a composite number?
True
Is (472/(-531) - 298330/9)*(-6)/4 a prime number?
False
Suppose 0 = -5*f + 5*c + 145470, -4*c = -2*f + 24462 + 33712. Is f prime?
True
Let s = -13214 - -60519. Is s a composite number?
True
Let c = 37 - 34. Suppose 4*g - g + w = -977, -3*g = c*w + 969. Let a = 746 + g. Is a a composite number?
False
Suppose 2*d = 4*s - 51156, -d + 12795 = 15*s - 14*s. Is s a prime number?
True
Let t(r) = 23*r**2 - 260*r - 3084. Is t(-127) a prime number?
True
Let s be (-2)/(-8) + (-40719)/28. Let n = s - -6595. Is n a composite number?
True
Suppose -o = -y + 1320, y + 5*o = 3*y - 2643. Let a = -48 + y. Is a a composite number?
True
Let t(q) = -q - 344. Let p be t(0). Let z = 3262 - 2535. Let w = z + p. Is w prime?
True
Let v be (-3 - 65395/(-5)) + -2. Is 10/(-4)*(-9)/(135/v) a prime number?
True
Let j be 20/6 + -2 + (-18)/(-27). Let k(s) = 5 + 129*s**2 - 4 - 14 + 9*s. Is k(j) prime?
True
Let y(o) = -2*o**2 - 106*o - 145. Is y(-46) a composite number?
False
Suppose 9*t = 13 + 5. Suppose 0*w = -3*p - t*w + 7815, w + 5203 = 2*p. Is p composite?
True
Let s(n) = -22*n + 18. Let a be s(-3). Let h = 88 - a. Suppose h*r - 835 = 1273. Is r a prime number?
False
Let x = 28 - 11. Suppose 5*c + 18924 = x*c. Is c a composite number?
True
Let k = 11802 + -2411. Is k prime?
True
Suppose 88778 = -19*l + 385159. Is l prime?
False
Let k = -71908 - -171503. Is k composite?
True
Let p(c) = 1 + 3854*c**3 + 4657*c**3 - 2*c**2 + 2289*c**3. Is p(1) a composite number?
False
Suppose -16*n + 75863 = -6360569. Is n composite?
False
Let v(i) = 38*i**2 + 71*i - 3. Is v(10) a prime number?
True
Let v be 22 + 2*(-1 - 0). Let s(w) = 2*w**2 - 20*w - 22. Let r be s(11). Suppose r = 2*i - 7*i - v, -5*i - 1162 = -2*u. Is u prime?
True
Suppose 0*w - w + 3*v = -10789, -43054 = -4*w - 5*v. Is w a prime number?
True
Suppose -70*a + 8 = -68*a. Is 2*6/(-6)*(-25934)/a composite?
False
Let n = -264585 - -529391. Is n prime?
False
Let w(t) = -4197*t**3 - 2*t**2 - 7*t - 16. Let k be w(-2). Suppose -100003 = -4*b - r, b + 8566 - k = -r. Is b prime?
False
Let y(u) be the second derivative of 3*u**4 - u**3/6 - u**2 + 3*u - 29. Is y(1) a composite number?
True
Let y(p) = -5962*p**3 - p**2 - 3*p - 3. Let l be y(-1). Suppose -2*t - 2099 = -l. Is t a composite number?
False
Let y be 208124/14*(0 + 2). Suppose -113*p - y = -117*p. Is p composite?
False
Let w(j) = -2*j. Let y be w(-9). Let c(m) = -m**3 - 9*m**2 - 15*m - 97. Let i be c(-25). Suppose y*t - i = 12*t. Is t a composite number?
True
Let m(t) = -6*t**3 - 3*t**2 + t + 1. Let b(c) = -7*c**3 - 3*c**2 + c + 1. Let x(p) = -3*b(p) + 4*m(p). Let h be x(1). Is 1043 + ((-15)/3 - h) a prime number?
False
Suppose -179*u = -174*u - 62075. Suppose u = -22*q + 114011. Is q composite?
True
Let n(x) = 24681*x**3 + 6*x**2 - 14*x + 3. Is n(2) composite?
True
Let p = -60690 - -88673. Is p composite?
False
Let g = -75 + 82. Suppose 1888 = -g*y - 4748. Let x = 1597 + y. Is x prime?
False
Suppose -1055458 - 638439 = -5*z - 3*c, 0 = -z + c + 338789. Is z prime?
False
Suppose 0 = a + h - 2, 0 = 6*a - 2*a + 5*h - 9. Let n be 8 - a - (-4 - -2). Suppose n*u - 2806 = 6815. Is u composite?
False
Is (22 - (28 - -7)) + 815166 prime?
False
Suppose -56*m = -32*m + 74*m - 10880842. Is m a composite number?
False
Let o be (28/49)/((-3)/(1 + -22)). Suppose -6*k + 23740 = o*l - k, -2*k = l - 5935. Is l composite?
True
Let q(r) = -788*r - 921. Is q(-10) a prime number?
True
Let g(c) = -29642*c**3 - c**2 - 253*c - 963. Is g(-4) a composite number?
False
Is (6 - (-84)/(-21))*(-4803)/(-2) a composite number?
True
Is (-29537088)/128*(-8)/12 a composite number?
True
Is 13/(117/(-3442086))*(-7)/14 prime?
True
Let t(j) = -j + 13. Suppose -5*k + 3*h = -4*k, 5*k - 2*h - 39 = 0. Let x be t(k). Is (-12)/(-18)*1758/x a prime number?
True
Suppose -19*j + 23*j - 4*k - 2529624 = 0, 4*j - 2529629 = -k. Is j a composite number?
True
Let t(q) = 7370*q + 3759. Is t(59) prime?
True
Let v = 816 - 541. Let u = 1090 - v. Is u composite?
True
Let g be (-563832)/84 - (4/(-14) + 0). Let f = 67 - g. Is f a composite number?
False
Let z(j) be the third derivative of -31*j**7/2520 - j**6/144 - 4*j**5/15 - 13*j**2. Let k(g) be the third derivative of z(g). Is k(-2) prime?
False
Let s = -58822 + 294111. Is s a composite number?
False
Is (-4*(-14)/392)/((-1)/(-2296259)) a prime number?
True
Suppose 0 = 315*q - 101*q - 25991506 - 27444936. Is q a prime number?
True
Let z(n) be the first derivative of 0*n**2 - 6 - 1/2*n**4 + 0*n**3 + 397*n. Is z(0) a composite number?
False
Suppose -c + 0*c + 56 = 2*k, 2*k = 4*c + 56. Let l = -13 + k. Suppose i - 4*b - l = 0, 0 = i + 4*i - 3*b - 109. Is i composite?
False
Let w(x) = -776*x + 4. Let a(l) = -775*l + 5. Let n(v) = -3*a(v) + 2*w(v). Is n(1) prime?
False
Let v(r) = r**2 - 18*r + 16. Let t be 0 + (4 - (3 - 3)) + 17. Let b be v(t). Suppose 84*i - b*i - 705 = 0. Is i composite?
True
Let o be (13/